360 - z**6/360 - 41*z**5/60 - 139*z**2. Let k(a) be the third derivative of f(a). Calculate k(7).
-2
Let w = -1102 + 1096. Let s(x) = x**3 + 6*x**2 + x + 17. What is s(w)?
11
Let f be ((-10)/3)/(415/(-498)). Let b(j) be the first derivative of 5*j**2/2 - 7*j - 3. Give b(f).
13
Let g(j) = j**2 + 2*j - 4. Let l(c) = 2*c**2 - 20*c + 2. Let m be l(10). Suppose -3*z = 3*u - 12, m + 14 = 5*u + z. Determine g(u).
11
Let n(m) = 10*m**3 - m**2 + m - 1. Let g be (-18)/(-16) - (-157)/(-1256). Give n(g).
9
Let o(t) = t**3 - 4*t**2 + 8*t - 7. Suppose 4*a = 19*a - 45. Determine o(a).
8
Let w(o) = 161*o**2 - 5 + 7*o - 81*o**2 - 79*o**2 - 7*o - o + 2. Suppose 0 = -2*v - 0 + 6. Give w(v).
3
Let h(t) = -4*t - 20. Let w = 1776 + -1781. What is h(w)?
0
Let t(v) = 289*v**2 + 21*v + 45. Let g(k) = 105*k**2 + 7*k + 15. Let y(q) = -11*g(q) + 4*t(q). Give y(-7).
15
Let b(a) = -a**2 + 9*a - 11. Let s be b(7). Let y(m) = -225 + 4*m + s*m + 214 - 7*m**2 - m**3. What is y(-8)?
-3
Let z(q) = q**3 - 4*q**2 + q + 3. Let d be z(3). Let r(y) = 194 + y + 205 - 395. Determine r(d).
1
Let y(r) = -r**2 + 7*r - 9. Let h be y(6). Let v(l) be the third derivative of l**5/60 + l**4/24 + 2*l**3/3 - 3*l**2 + 70. What is v(h)?
10
Let b(q) = q**3 - 6*q**2 + 4*q + 3. Let a = -22 - -18. Let m be (a - (-33)/6)*50/15. Give b(m).
-2
Let v(u) = -u**3 - 11*u**2 + 12*u + 3. Let l(n) = n + 14. Let r be l(-14). Suppose -4*x = -r*x - 64. Suppose w + b + 1 = -x, -5 = b. Calculate v(w).
3
Let y(m) = 3*m + 64. Suppose 21*v - 25*v = -5*c - 118, 5*c = -v - 83. Determine y(c).
10
Let h = 243 + -239. Let f(a) = -3*a - 11*a + h*a + 7*a. Suppose -4*b - 2*c = 0, 2 + 6 = 2*b + 3*c. Determine f(b).
6
Let y(j) be the second derivative of -j**4/12 + j**3/3 + j + 561. Let o be -6*((-6)/9)/1. Calculate y(o).
-8
Let l(o) = -18 + 228*o**2 - 8*o - o**3 - 502*o**2 + 269*o**2. Give l(-4).
-2
Let t(d) = -d - 20. Let v(w) = 5*w + 45. Let j(f) = -14*t(f) - 6*v(f). Calculate j(3).
-38
Let w = 252/59 - 327/118. Let z(s) be the first derivative of -w*s**2 + 4*s - 24 + 2/3*s**3. What is z(3)?
13
Let a(b) be the first derivative of b**4/4 - 20*b**3/3 + 10*b**2 + 14*b + 184. Give a(19).
33
Let h be (-75)/(-45)*12/20. Let r(y) = -y + 4*y - y - h - 11*y. Give r(-2).
17
Let r(z) = -z - 3. Suppose l + 1726 = -4*a, -a - l - 436 = -3*l. Let g be (2/(-4))/(6/a) - 3. Let h be 6/(-10) - g/15*2. What is r(h)?
2
Let v(b) = -2*b**3 - 125*b**2 - 53*b + 553. Let p be v(-62). Let f(a) = a**3 + 4*a**2 + a + 6. What is f(p)?
-24
Let g(x) = -4*x**3 + 6*x**2 - 5*x - 2. Suppose 86*k = 91*k, 5*o - 5 = 2*k. What is g(o)?
-5
Let c(d) = 8*d**3 + d**2 - 6*d + 4. Suppose -92*t + 132 = 40*t. Give c(t).
7
Suppose 4*s - 24 = -3*o + 6, 0 = -3*s - 2*o + 21. Let j(w) be the first derivative of 12 - 3*w + 1/3*w**s + 1/2*w**2. Give j(4).
17
Let m(i) = 26*i - 6. Let a(v) = 69*v - 13. Let d(u) = -3*a(u) + 8*m(u). Suppose 0*f = f - 6. Determine d(f).
-3
Suppose 0 = 30*j - 32*j + 8. Let u(t) = -t**2 + t + 11. Let o be u(j). Let a(r) = -3*r - 1 + 5*r + r. Calculate a(o).
-4
Let v(g) = g**2 - g - 9. Let u(p) = -2*p - 45. Let x be u(0). Let n = 51 + x. Suppose -n*f = -11*f. Determine v(f).
-9
Suppose 0 = 4*g - 5*t - 18, -4*t + 84 = 92. Let v(a) = a**3 - 10*a**3 + 6*a**3 - 2*a + 4*a + g*a**2 - 4 + 2*a**3. Calculate v(4).
-28
Suppose -6 = -g + 5*y, -3 + 33 = g + 3*y. Let c be g/(-28)*(-4 - (-7 - 1)). Let a(x) = 2*x + 1. Calculate a(c).
-5
Let j(h) be the third derivative of h**8/20160 - h**7/720 + h**6/240 - h**5/60 + 11*h**3 - 6*h**2 + 6. Let k(f) be the third derivative of j(f). Calculate k(3).
-9
Let k = 123 + -130. Let t(n) = 2*n**2 - 2*n - 4*n**2 + n**2 + 3*n. Let i(w) = -4*w**2 - 3*w + 1. Let m(l) = -i(l) + 3*t(l). Calculate m(k).
6
Let d be -16 - (-104 + 90 - 8/(-2)). Let c(v) = -31*v - 200. Give c(d).
-14
Let p be (-1214)/(-12) - (133/42 + -3). Suppose 10*m + 21 = p. Let o(i) = i**2 - 1. Let s(c) = 3*c**2 - 9*c + 1. Let n(k) = 2*o(k) - s(k). What is n(m)?
5
Let t(k) = 45*k**3 - 2*k + 2. Let y be t(1). Let v = y - 43. Let h(i) = -12*i**v - 8*i + 15*i + 11*i**2 - 9. Give h(6).
-3
Let o(i) be the first derivative of i**4/6 + 7*i**3/6 - 33*i**2/2 - i + 48. Let v(m) be the second derivative of o(m). Give v(-7).
-21
Let h(o) = o**3 + 3*o**2 + 4*o + 30. Let j be h(-4). Let z(k) = 47*k + 103. What is z(j)?
9
Let y(h) = 10*h**2 - 3*h + 4. Let t(m) = -48*m**2 + 15*m - 23. Let i(u) = 2*t(u) + 11*y(u). What is i(-1)?
15
Let c be 4 + ((-52)/(-14) - (-6)/21). Let q(v) = 101 + v**3 - 114 - c*v**2 + 12*v - 2*v**2 - v. Calculate q(9).
5
Let o(s) = -s**3 + 4*s**2 - 6*s + 6. Let f = -96 + 144. Suppose 3*j - f + 222 = 0. Let n = 62 + j. What is o(n)?
-18
Let l(r) = 921161*r**3 - 921064*r**3 - 6*r**2 + 5*r**2. Determine l(1).
96
Let f(h) be the third derivative of -h**4/24 + 7*h**3/6 + 82*h**2 - 2*h. Give f(-5).
12
Suppose -11*m + 457 = -27. Let n = m + -37. Let q(s) = s**2 - 13. Let r(k) = k - 1. Let v(p) = q(p) - 5*r(p). What is v(n)?
6
Suppose -22 = 99*u + 374. Let z(i) = -2*i**2 + 4*i + 1. Give z(u).
-47
Let f(v) be the third derivative of v**7/840 - v**6/72 - v**5/120 + v**4/8 + 49*v**3/6 + 50*v**2. Let i(w) be the first derivative of f(w). What is i(4)?
-17
Let i(s) = -11*s - 20*s - 14*s + 1 + 31*s - 4. What is i(1)?
-17
Suppose 0 = -k - 3*k - 24. Let a(v) = -108*v + 7. Let c(x) = -1673*x + 105. Let n(f) = -31*a(f) + 2*c(f). Calculate n(k).
-19
Let f(j) = -j**2 + 7*j. Let u(x) = -18*x - 8. Let q(v) = 19*v + 8. Let t(w) = 5*q(w) + 6*u(w). Let k be t(-1). Calculate f(k).
10
Let i(l) = -14*l**2 + l - 3. Suppose -3*q + 5*w = 41, -2*q - 8*w = -3*w - 31. Determine i(q).
-61
Let r be -25 - (60/(-8) - (-100)/(-40)). Let b(x) = -x**2 - 17*x - 6. Give b(r).
24
Suppose 12 = -o - 3*o. Let g = -3 - o. Let f(v) = 1423 - 353 + v - 350 - 355 - v**2 - 358. Determine f(g).
7
Let f(v) = 164*v + 32. Let i(c) = -273*c - 62. Let n(d) = -10*f(d) - 6*i(d). What is n(0)?
52
Suppose 7*h - 13 = 8. Let a(x) = x**h - 3226 + 3226 + 0*x**3 + x**2. What is a(-2)?
-4
Let o(t) = -8*t + 18. Suppose 639*i - 45 = 624*i. Calculate o(i).
-6
Let j(t) = -t**3 + 3*t**2 + 2*t - 2. Let q be j(3). Let f(m) = 0*m + 3*m + q + 6 - 3. Let u be (207/(-45) + 4)/((-2)/(-20)). Give f(u).
-11
Let d(b) = 3 - 7*b**2 + 0*b**3 + 8*b - b**3 + 1. Let t = -683 + 1215. Let k = t + -540. What is d(k)?
4
Let f(k) = -3*k**2 + 0 - 72*k + 2*k**2 + 1 + 63*k. Let r(w) = -8*w**2 + w. Let y(s) = s**2 + 5*s + 1. Let p be y(-5). Let i be r(p). Determine f(i).
15
Let f(k) = k**3 - k**2 + 1. Let n(u) = 11*u + 59. Let i be n(-5). Let l = -31 - -34. Suppose 6*o = 4*b + l*o - 6, 5*b = -i*o - 8. Determine f(b).
1
Suppose n + 2*z = 0, -n = 4*n + 5*z + 15. Let y(a) be the third derivative of 0 - 1/12*a**4 - 5/6*a**3 + 0*a + 33*a**2. What is y(n)?
7
Let l(h) = 2333*h**2 + 15*h - 4660*h**2 + 23 + 2325*h**2. Give l(9).
-4
Let z(w) = -w**3 + 8*w**2. Suppose 207*j = 205*j + 46. Let m(h) = h**2 - 23*h + 8. Let g be m(j). Determine z(g).
0
Let w(n) = 2*n**2 - 45*n + 250. Let y be w(12). Let s(i) = -3*i**3 - i**2 - 3*i + 3. Calculate s(y).
29
Let y(n) = 10*n**2 - 7*n + 1. Let m(w) = -9*w**2 + 6*w - 1. Let b(g) = 4*m(g) + 3*y(g). Let q(l) = -l**2 + l. Let p(z) = -2*b(z) + 11*q(z). What is p(-5)?
2
Let k(m) be the second derivative of -3*m**3/2 - 5*m**2 - m + 23. Let h(o) = -36*o - 42. Let a(q) = -5*h(q) + 21*k(q). What is a(3)?
-27
Let u(k) = 5*k + 5*k - 4043 - 2*k - 2*k**2 + 4034. What is u(6)?
-33
Let j(d) = 344*d**2 + 66*d - 25. Let h(k) = 113*k**2 + 21*k - 8. Let u(y) = 19*h(y) - 6*j(y). Give u(1).
84
Let s(x) = 22*x + 35*x - 80*x + 11 + 27*x. Give s(-3).
-1
Let y(g) be the third derivative of 0 - 1/60*g**5 - 1/3*g**3 - g**2 + 0*g + 1/24*g**4. Suppose 5*u = -w - 5, -14*w = -13*w - 5*u - 5. Give y(w).
-2
Let w be (-9)/(-2)*(-2)/3 + 3. Let a be w*((-2)/(-12))/(7/21). Let m(o) = -4*o**2 - 4. Determine m(a).
-4
Suppose 3*f - 1 = -2*o, -4*f - 42*o + 8 = -46*o. Let m(l) be the third derivative of -l**4/12 + l**3/6 - l**2. Determine m(f).
-1
Let w(r) = 11*r**2 - 11*r**2 - 4 + r**2 + 9*r. Let c = 118 - 125. Determine w(c).
-18
Suppose 2 - 17 = -5*g. Let j(d) be the second derivative of -d**4/12 + d**3/6 + 4*d**2 - 5*d - 5. Let n(l) = -l**2 + 8. Let q(a) = g*j(a) - 4*n(a). Give q(-6).
10
Let w(s) = 2*s**2 - 106*s - 1. Let p(h) = -5*h**2 + 205*h + 1. Let a(o) = -p(o)